t y(b) = 91*b - 358. Let i be y(4). Suppose -7*f - 5*v = -i*f, -v = -2*f + 55. Let k be (-123)/(-5) + 4/10. Calculate the greatest common factor of k and f.
25
Let b be (-20)/(60/(-54069))*1. What is the highest common factor of 269 and b?
269
Suppose 29*m + 117 = 38*m. Suppose 70 = m*f + f. What is the greatest common factor of f and 115?
5
Let y = 612 - 432. Let l = -176 + y. Calculate the greatest common factor of 6 and l.
2
Let p be 11 + (-1436)/(-14) + -14 - 3/(-7). Let q(o) = 2*o - 5. Let y be q(5). Calculate the greatest common factor of p and y.
5
Suppose -c + 3*t - 9 = 0, 2*c = 6*t - t - 15. Suppose -4*i = l - 3*i - 33, c = 3*i + 9. Calculate the greatest common factor of l and 162.
18
Suppose -125*i + 92*i + 112 + 119 = 0. Let u(b) = 13*b + 2. Let j be u(2). Calculate the highest common factor of j and i.
7
Suppose 2*s + 183 = 5*m + 5*s, -s = -2*m + 82. Let k be 4*(-3)/(-12) + 1. Suppose 22 - 126 = -k*j. What is the highest common divisor of j and m?
13
Suppose -5*o = -3*m - 6215, -o - 2*m + 691 + 539 = 0. What is the highest common divisor of o and 50?
10
Let w(y) = 23*y + 45. Let s be w(10). Let h = -503 + 514. Calculate the greatest common factor of s and h.
11
Let z be -2 + (-5 - (-7572)/18) - 18/(-54). Suppose -2*v - 3*v + 82 = 4*c, 0 = 2*v - 2*c - 40. Calculate the highest common divisor of z and v.
18
Suppose -2*j + 12 = -6. Let f be (-3 + 2 + j)/1. Suppose -5*h + 5*r = -195, -6*r - 159 = -4*h - 5*r. Calculate the highest common divisor of h and f.
8
Suppose 2*l - 2*z - 118 = 0, -2*l + 6*l - 228 = 2*z. Let c = 121 - l. Suppose 4*m - 4*y = 48, m = 11*y - 12*y. What is the greatest common factor of c and m?
6
Suppose -18 = -3*a, 2964 = b + 27*a - 28*a. What is the greatest common factor of 630 and b?
90
Suppose 2*p = -0*p + 184. Suppose -8*r + p = -4*r. Calculate the highest common divisor of 322 and r.
23
Let a be (30 + -2)/1 + (144 - 156). Suppose 5*t - 391 = -4*v, -4*v + t = -0*t - 421. What is the greatest common divisor of a and v?
8
Suppose -2*b + 4 + 2 = z, -2*z = 3*b - 9. Suppose -5*t + 20 = -z*t. Suppose 892 = t*w + 208. Calculate the greatest common factor of 19 and w.
19
Let g = -111 + 87. Let k = -21 + 50. Let c = g + k. Calculate the highest common factor of 55 and c.
5
Let j be 2/(-3)*(51 + 9). Let l be 16/j - (-84)/10. Let q be ((-276)/l)/(4/8*-1). Calculate the greatest common factor of 46 and q.
23
Let v = 20796 - 14524. Calculate the greatest common divisor of 98 and v.
98
Let i be (-21)/(357/289) - -793. Calculate the greatest common divisor of i and 168.
8
Let h(y) = y**3 + 8*y**2 + 2*y. Let b be h(-7). Let v = 310 - 316. Let u be 5 + ((-4)/v - 528/(-18)). Calculate the highest common divisor of u and b.
35
Let j be (31/((-2170)/4746))/(1 + (-6)/5). Calculate the greatest common factor of 1469 and j.
113
Let o(j) = j**3 - 21*j**2 - 23*j + 26. Let r be o(22). Suppose 4*t - 392 = -4*c, 4*t - 272 = 3*c + 134. Calculate the greatest common factor of r and t.
4
Let s be 113586/36 - (65/30 - 2). Calculate the greatest common factor of 5 and s.
5
Suppose -4*n - 4 = -16. Let x be 31/(279/54) - (0 + 5). Suppose x = 2*c - n. What is the highest common divisor of c and 18?
2
Suppose 0 = 5*p - 339 - 11. Let u = 66 - 55. Let i(h) = h**2 - 8*h - 23. Let x be i(u). What is the highest common factor of x and p?
10
Suppose 5*s + 3*a = 32382, 43977 = 5*s - 3*a + 11559. What is the highest common factor of s and 8?
8
Suppose -3*p - 23 = -44. Let h be p*(5 - 4) + -2. Suppose 4*s - b - 16 = 3*s, 0 = -h*b - 10. What is the greatest common divisor of s and 126?
14
Let w = 135 + -110. Suppose -2*l + 9 = -3*f - 8, 0 = -3*f - 2*l - w. Let n be 2 + 2 + 8 + (-21)/f. What is the greatest common factor of n and 45?
15
Let a be (-4)/50 + ((-6017880)/500)/(-47). Calculate the highest common factor of 1184 and a.
32
Suppose -4*x = -4*r + 136, -723*r = -727*r - 3*x + 66. Let n = 81 - 45. What is the highest common divisor of n and r?
12
Let c(z) = 2*z**3 - 34*z**2 + 115*z + 225. Let i be c(22). Calculate the highest common divisor of i and 105.
35
Suppose 81*b + 388 = 104*b - 578. What is the greatest common divisor of b and 204?
6
Suppose -5*z - 20 = 5*o, -o - 6 + 2 = 0. Suppose -73 = -5*c - 5*l + 8*l, z = 5*l + 5. What is the greatest common factor of 112 and c?
14
Let d(c) = 1757*c**2 - 27*c - 8. Let b be d(-1). Calculate the greatest common divisor of b and 96.
48
Let m be 17/(-68) - (-861)/4. Let h = 227 - m. What is the greatest common factor of 30 and h?
6
Let p be -5 - (-642)/126 - (-1166858)/294. Calculate the greatest common divisor of 42 and p.
21
Suppose 16*t - 13*t = 2*j - 595, 0 = j - 4*t - 310. What is the highest common divisor of j and 80?
10
Let y be ((2 - 0)*-49 + 2)*(-1600)/640. Calculate the highest common factor of 140 and y.
20
Let a(s) be the second derivative of s**4/12 - 2*s**3/3 + s**2/2 + 5*s. Let h be a(4). Let v = -108 - -121. Calculate the highest common divisor of h and v.
1
Let v be 681/3 + 2 + -1. Suppose 9*j - 261 = 8*j - 2*f, 2*j - 506 = 4*f. Suppose -j*o + 342 = -248*o. What is the greatest common divisor of v and o?
38
Let o(s) = 6*s - 11. Let n be o(6). Suppose -5*k = 3*j - 205, -2*k = -k - 5. Calculate the highest common divisor of n and j.
5
Let t(c) = -249*c + 2321. Let y be t(9). Calculate the highest common factor of y and 760.
40
Let d be 2156/(-6) - (-5)/(-45)*-3. Let s = -189 - d. What is the greatest common factor of 34 and s?
34
Let o be (-366)/(-9) - 4/6. Suppose -87*j = -13863 - 1797. What is the greatest common divisor of j and o?
20
Let w = -701 - -703. Suppose 5*g = -4*q + 146, -w*q = -2*g + 6 + 56. Suppose 0*o - 4*o = -40. Calculate the highest common divisor of g and o.
10
Let q(g) be the second derivative of -g**5/20 - g**4/3 + g**3 + 6*g**2 + 58*g. Let t be q(-5). What is the greatest common factor of t and 231?
7
Let g(j) = 99*j - 768. Let k be g(8). What is the highest common factor of k and 104?
8
Suppose 3*r - 5*n - 28 = 2*r, 3*n = 5*r - 162. Let g = r - 39. Let x be 2/g + 296/6. What is the highest common factor of 14 and x?
7
Let j be 24/18 - 94/(-8)*19300/75. What is the highest common factor of 100 and j?
25
Let j(c) = 2*c**3 + c**2 + 2*c - 1. Let q be j(1). Suppose 3*d + 31 = q*d + 2*w, -4*d - 3*w = -114. What is the highest common factor of 99 and d?
9
Suppose 2*i - s = 730, 0 = -8*s + 13*s. Let a = 840 - i. What is the highest common divisor of a and 19?
19
Let q be (-2)/((-4)/15)*(-344)/(-258). Let n = 13 - q. Calculate the highest common divisor of 14 and n.
1
Let f(p) = 25*p**3 - 34*p**2 - 46*p + 56. Let i be f(7). Calculate the highest common factor of 73 and i.
73
Suppose 0 = -n + y + 23, -4*y + 45 - 107 = -2*n. What is the highest common divisor of 1932 and n?
3
Let f = 271 + -235. Let b(x) = 2*x + 6. Let g be b(-6). Let t be ((-4)/g + 2424/f)*2. Calculate the highest common factor of 17 and t.
17
Suppose i + 5*h - 14 = 3*h, -3*i - h + 27 = 0. Suppose -49 = k - i*k. Let r(b) = b**2 - 5*b - 3. Let c be r(k). What is the highest common factor of c and 121?
11
Let w(p) = -26*p + 1303. Let f be w(49). Calculate the highest common factor of 3712 and f.
29
Suppose 0 = -20*g + 7430 + 6090. Let x = g - 660. Calculate the greatest common factor of x and 232.
8
Let m(n) = -9*n - 273. Let j be m(-31). Suppose 11*g = 8*g + 162. Calculate the greatest common divisor of g and j.
6
Suppose 0 = 29*c - 38*c - 4*c + 390. Calculate the greatest common divisor of 186 and c.
6
Let d be (-2 - -4) + (13 - 18). Let l = 49 - d. Calculate the highest common factor of l and 4.
4
Let n = -525 - -529. Let d be n/10 + (-88)/15*-3. Let x = 5 + 7. Calculate the greatest common divisor of d and x.
6
Let c(z) = 3*z**2 - 11*z + 38. Let a be c(-9). Let k = 51 + -42. Let o(g) = g + 29. Let q be o(k). Calculate the greatest common factor of q and a.
38
Suppose 0 = -99*c + 1321 + 2045. What is the highest common factor of 2482 and c?
34
Let d(s) = 2*s**3 - 5*s**2 + 6. Let a(q) = -4*q - 22*q**2 - 23*q**2 + 44*q**2. Let o be a(-2). Let f be d(o). What is the greatest common divisor of f and 6?
6
Let n(l) = l**3 + 18*l**2 - 2*l - 36. Let r be n(-18). Let p be 0 - 2 - -1 - (-21 - r). Calculate the highest common factor of p and 25.
5
Suppose -62*l = 22*l + 43*l - 25908. Calculate the highest common divisor